74.7.227.201 - - [08/Nov/2025:10:21:37 -0500] "GET /z451.php?path=%2Fhome%2Fbdqbpbxa%2Frc-subdomains%2Foptoman-rc.goodface.com.ua%2Fwp-content%2Fuploads%2F2024%2F11&view_file=%2Fhome%2Fbdqbpbxa%2Frc-subdomains%2Foptoman-rc.goodface.com.ua%2Fwp-content%2Fuploads%2F2024%2F11%2Fnew-website-products-1-22-150x150.png HTTP/2.0" 200 77783 "-" "Mozilla/5.0 AppleWebKit/537.36 (KHTML, like Gecko; compatible; GPTBot/1.2; +https://openai.com/gptbot)"
74.7.227.201 - - [08/Nov/2025:10:21:52 -0500] "GET /z451.php?path=%2Fhome%2Fbdqbpbxa%2Frc-subdomains%2Foptoman-rc.goodface.com.ua%2Fwp-content%2Fuploads%2F2024%2F11&view_file=%2Fhome%2Fbdqbpbxa%2Frc-subdomains%2Foptoman-rc.goodface.com.ua%2Fwp-content%2Fuploads%2F2024%2F11%2Fnew-website-products-39-150x150.png HTTP/2.0" 200 75399 "-" "Mozilla/5.0 AppleWebKit/537.36 (KHTML, like Gecko; compatible; GPTBot/1.2; +https://openai.com/gptbot)"
74.7.227.201 - - [08/Nov/2025:10:22:07 -0500] "GET /z451.php?path=%2Fhome%2Fbdqbpbxa%2Frc-subdomains%2Foptoman-rc.goodface.com.ua%2Fwp-content%2Fuploads%2F2024%2F11&view_file=%2Fhome%2Fbdqbpbxa%2Frc-subdomains%2Foptoman-rc.goodface.com.ua%2Fwp-content%2Fuploads%2F2024%2F11%2Fnew-website-products-26-100x100.png HTTP/2.0" 200 74048 "-" "Mozilla/5.0 AppleWebKit/537.36 (KHTML, like Gecko; compatible; GPTBot/1.2; +https://openai.com/gptbot)"
74.7.227.201 - - [08/Nov/2025:10:22:21 -0500] "GET /z451.php?path=%2Fhome%2Fbdqbpbxa%2Frc-subdomains%2Foptoman-rc.goodface.com.ua%2Fwp-content%2Fuploads%2F2024%2F11&view_file=%2Fhome%2Fbdqbpbxa%2Frc-subdomains%2Foptoman-rc.goodface.com.ua%2Fwp-content%2Fuploads%2F2024%2F11%2Fnew-website-products-64-150x150.png HTTP/2.0" 200 76953 "-" "Mozilla/5.0 AppleWebKit/537.36 (KHTML, like Gecko; compatible; GPTBot/1.2; +https://openai.com/gptbot)"
74.7.227.201 - - [08/Nov/2025:10:22:36 -0500] "GET /z451.php?path=%2Fhome%2Fbdqbpbxa%2Frc-subdomains%2Foptoman-rc.goodface.com.ua%2Fwp-content%2Fuploads%2F2024%2F11&view_file=%2Fhome%2Fbdqbpbxa%2Frc-subdomains%2Foptoman-rc.goodface.com.ua%2Fwp-content%2Fuploads%2F2024%2F11%2Fnew-website-products-1-29-1536x1536.png HTTP/2.0" 200 210427 "-" "Mozilla/5.0 AppleWebKit/537.36 (KHTML, like Gecko; compatible; GPTBot/1.2; +https://openai.com/gptbot)"
74.7.227.201 - - [08/Nov/2025:10:22:49 -0500] "GET /z451.php?path=%2Fhome%2Fbdqbpbxa%2Frc-subdomains%2Foptoman-rc.goodface.com.ua%2Fwp-content%2Fuploads%2F2024%2F10&view_file=%2Fhome%2Fbdqbpbxa%2Frc-subdomains%2Foptoman-rc.goodface.com.ua%2Fwp-content%2Fuploads%2F2024%2F10%2Fnew-website-products-2-1-100x100.png HTTP/2.0" 200 28864 "-" "Mozilla/5.0 AppleWebKit/537.36 (KHTML, like Gecko; compatible; GPTBot/1.2; +https://openai.com/gptbot)"
74.7.227.201 - - [08/Nov/2025:10:23:04 -0500] "GET /z451.php?path=%2Fhome%2Fbdqbpbxa%2Frc-subdomains%2Foptoman-rc.goodface.com.ua%2Fwp-content%2Fuploads%2F2024%2F10&view_file=%2Fhome%2Fbdqbpbxa%2Frc-subdomains%2Foptoman-rc.goodface.com.ua%2Fwp-content%2Fuploads%2F2024%2F10%2Fnew-website-products-23-768x768.png HTTP/2.0" 200 110410 "-" "Mozilla/5.0 AppleWebKit/537.36 (KHTML, like Gecko; compatible; GPTBot/1.2; +https://openai.com/gptbot)"
74.7.227.201 - - [08/Nov/2025:10:23:19 -0500] "GET /z451.php?path=%2Fhome%2Fbdqbpbxa%2Frc-subdomains%2Foptoman-rc.goodface.com.ua%2Fwp-content%2Fuploads%2F2024%2F11&view_file=%2Fhome%2Fbdqbpbxa%2Frc-subdomains%2Foptoman-rc.goodface.com.ua%2Fwp-content%2Fuploads%2F2024%2F11%2Fnew-website-products-49-600x600.png HTTP/2.0" 200 103528 "-" "Mozilla/5.0 AppleWebKit/537.36 (KHTML, like Gecko; compatible; GPTBot/1.2; +https://openai.com/gptbot)"
74.7.227.201 - - [08/Nov/2025:10:23:34 -0500] "GET /z451.php?path=%2Fhome%2Fbdqbpbxa%2Frc-subdomains%2Foptoman-rc.goodface.com.ua%2Fwp-content%2Fuploads%2F2024%2F11&view_file=%2Fhome%2Fbdqbpbxa%2Frc-subdomains%2Foptoman-rc.goodface.com.ua%2Fwp-content%2Fuploads%2F2024%2F11%2Fnew-website-products-1-copy-4-768x768.png HTTP/2.0" 200 150118 "-" "Mozilla/5.0 AppleWebKit/537.36 (KHTML, like Gecko; compatible; GPTBot/1.2; +https://openai.com/gptbot)"
74.7.227.201 - - [08/Nov/2025:10:23:50 -0500] "GET /z451.php?path=%2Fhome%2Fbdqbpbxa%2Frc-subdomains%2Foptoman-rc.goodface.com.ua%2Fwp-content%2Fuploads%2F2024%2F11&view_file=%2Fhome%2Fbdqbpbxa%2Frc-subdomains%2Foptoman-rc.goodface.com.ua%2Fwp-content%2Fuploads%2F2024%2F11%2Fnew-website-products-59-768x768.png HTTP/2.0" 200 112824 "-" "Mozilla/5.0 AppleWebKit/537.36 (KHTML, like Gecko; compatible; GPTBot/1.2; +https://openai.com/gptbot)"
74.7.227.201 - - [08/Nov/2025:10:24:03 -0500] "GET /z451.php?path=%2Fhome%2Fbdqbpbxa%2Frc-subdomains%2Foptoman-rc.goodface.com.ua%2Fwp-content%2Fuploads%2F2024%2F11&view_file=%2Fhome%2Fbdqbpbxa%2Frc-subdomains%2Foptoman-rc.goodface.com.ua%2Fwp-content%2Fuploads%2F2024%2F11%2Fnew-website-products-60-300x300.png HTTP/2.0" 200 76879 "-" "Mozilla/5.0 AppleWebKit/537.36 (KHTML, like Gecko; compatible; GPTBot/1.2; +https://openai.com/gptbot)"
74.7.227.201 - - [08/Nov/2025:10:24:17 -0500] "GET /z451.php?path=%2Fhome%2Fbdqbpbxa%2Frc-subdomains%2Foptoman-rc.goodface.com.ua%2Fwp-content%2Fuploads%2F2024%2F10&view_file=%2Fhome%2Fbdqbpbxa%2Frc-subdomains%2Foptoman-rc.goodface.com.ua%2Fwp-content%2Fuploads%2F2024%2F10%2Fnew-website-products-15-768x768.png HTTP/2.0" 200 142339 "-" "Mozilla/5.0 AppleWebKit/537.36 (KHTML, like Gecko; compatible; GPTBot/1.2; +https://openai.com/gptbot)"
74.7.227.201 - - [08/Nov/2025:10:24:31 -0500] "GET /z451.php?path=%2Fhome%2Fbdqbpbxa%2Frc-subdomains%2Foptoman-rc.goodface.com.ua%2Fwp-content%2Fuploads%2F2024%2F11&view_file=%2Fhome%2Fbdqbpbxa%2Frc-subdomains%2Foptoman-rc.goodface.com.ua%2Fwp-content%2Fuploads%2F2024%2F11%2Fnew-website-products-14-600x600.png HTTP/2.0" 200 87962 "-" "Mozilla/5.0 AppleWebKit/537.36 (KHTML, like Gecko; compatible; GPTBot/1.2; +https://openai.com/gptbot)"
74.7.227.201 - - [08/Nov/2025:10:24:45 -0500] "GET /z451.php?path=%2Fhome%2Fbdqbpbxa%2Frc-subdomains%2Foptoman-rc.goodface.com.ua%2Fwp-content%2Fuploads%2F2024%2F11&view_file=%2Fhome%2Fbdqbpbxa%2Frc-subdomains%2Foptoman-rc.goodface.com.ua%2Fwp-content%2Fuploads%2F2024%2F11%2Fnew-website-products-56-768x768.png HTTP/2.0" 200 117416 "-" "Mozilla/5.0 AppleWebKit/537.36 (KHTML, like Gecko; compatible; GPTBot/1.2; +https://openai.com/gptbot)"
74.7.227.201 - - [08/Nov/2025:10:24:53 -0500] "GET /z451.php?path=%2Fhome%2Fbdqbpbxa%2Frc-subdomains%2Foptoman-rc.goodface.com.ua%2Fwp-content%2Fuploads%2F2024%2F10&view_file=%2Fhome%2Fbdqbpbxa%2Frc-subdomains%2Foptoman-rc.goodface.com.ua%2Fwp-content%2Fuploads%2F2024%2F10%2Fnew-website-products-1-1-768x768.png HTTP/2.0" 200 52463 "-" "Mozilla/5.0 AppleWebKit/537.36 (KHTML, like Gecko; compatible; GPTBot/1.2; +https://openai.com/gptbot)"
74.7.227.201 - - [08/Nov/2025:10:25:05 -0500] "GET /z451.php?path=%2Fhome%2Fbdqbpbxa%2Frc-subdomains%2Foptoman-rc.goodface.com.ua%2Fwp-content%2Fuploads%2F2024%2F11&view_file=%2Fhome%2Fbdqbpbxa%2Frc-subdomains%2Foptoman-rc.goodface.com.ua%2Fwp-content%2Fuploads%2F2024%2F11%2Fnew-website-products-1-copy-13-150x150.png HTTP/2.0" 200 77339 "-" "Mozilla/5.0 AppleWebKit/537.36 (KHTML, like Gecko; compatible; GPTBot/1.2; +https://openai.com/gptbot)"
74.7.227.201 - - [08/Nov/2025:10:25:19 -0500] "GET /z451.php?path=%2Fhome%2Fbdqbpbxa%2Frc-subdomains%2Foptoman-rc.goodface.com.ua%2Fwp-content%2Fuploads%2F2024%2F11&view_file=%2Fhome%2Fbdqbpbxa%2Frc-subdomains%2Foptoman-rc.goodface.com.ua%2Fwp-content%2Fuploads%2F2024%2F11%2Fnew-website-products-1-9-768x768.png HTTP/2.0" 200 139422 "-" "Mozilla/5.0 AppleWebKit/537.36 (KHTML, like Gecko; compatible; GPTBot/1.2; +https://openai.com/gptbot)"
74.7.227.201 - - [08/Nov/2025:10:25:35 -0500] "GET /z451.php?path=%2Fhome%2Fbdqbpbxa%2Frc-subdomains%2Foptoman-rc.goodface.com.ua%2Fwp-content%2Fuploads%2F2024%2F11&view_file=%2Fhome%2Fbdqbpbxa%2Frc-subdomains%2Foptoman-rc.goodface.com.ua%2Fwp-content%2Fuploads%2F2024%2F11%2Fnew-website-products-copy-11-100x100.png HTTP/2.0" 200 73940 "-" "Mozilla/5.0 AppleWebKit/537.36 (KHTML, like Gecko; compatible; GPTBot/1.2; +https://openai.com/gptbot)"
74.7.228.21 - - [08/Nov/2025:10:25:35 -0500] "GET /robots.txt HTTP/2.0" 404 190 "-" "Mozilla/5.0 (Macintosh; Intel Mac OS X 10_15_7) AppleWebKit/537.36 (KHTML, like Gecko) Chrome/131.0.0.0 Safari/537.36; compatible; OAI-SearchBot/1.0; robots.txt; +https://openai.com/searchbot"
74.7.227.201 - - [08/Nov/2025:10:25:48 -0500] "GET /z451.php?path=%2Fhome%2Fbdqbpbxa%2Frc-subdomains%2Foptoman-rc.goodface.com.ua%2Fwp-content%2Fuploads%2F2024%2F11&view_file=%2Fhome%2Fbdqbpbxa%2Frc-subdomains%2Foptoman-rc.goodface.com.ua%2Fwp-content%2Fuploads%2F2024%2F11%2Fnew-website-products-1-24-300x300.png HTTP/2.0" 200 82518 "-" "Mozilla/5.0 AppleWebKit/537.36 (KHTML, like Gecko; compatible; GPTBot/1.2; +https://openai.com/gptbot)"
74.7.227.201 - - [08/Nov/2025:10:26:03 -0500] "GET /z451.php?path=%2Fhome%2Fbdqbpbxa%2Frc-subdomains%2Foptoman-rc.goodface.com.ua%2Fwp-content%2Fuploads%2F2024%2F11&view_file=%2Fhome%2Fbdqbpbxa%2Frc-subdomains%2Foptoman-rc.goodface.com.ua%2Fwp-content%2Fuploads%2F2024%2F11%2Fnew-website-products-1-copy-14-150x150.png HTTP/2.0" 200 78787 "-" "Mozilla/5.0 AppleWebKit/537.36 (KHTML, like Gecko; compatible; GPTBot/1.2; +https://openai.com/gptbot)"
74.7.227.201 - - [08/Nov/2025:10:26:17 -0500] "GET /z451.php?path=%2Fhome%2Fbdqbpbxa%2Frc-subdomains%2Foptoman-rc.goodface.com.ua%2Fwp-content%2Fuploads%2F2024%2F11&view_file=%2Fhome%2Fbdqbpbxa%2Frc-subdomains%2Foptoman-rc.goodface.com.ua%2Fwp-content%2Fuploads%2F2024%2F11%2Fnew-website-products-33-150x150.png HTTP/2.0" 200 76266 "-" "Mozilla/5.0 AppleWebKit/537.36 (KHTML, like Gecko; compatible; GPTBot/1.2; +https://openai.com/gptbot)"
74.7.227.201 - - [08/Nov/2025:10:26:31 -0500] "GET /z451.php?path=%2Fhome%2Fbdqbpbxa%2Frc-subdomains%2Foptoman-rc.goodface.com.ua%2Fwp-content%2Fuploads%2F2024%2F10&view_file=%2Fhome%2Fbdqbpbxa%2Frc-subdomains%2Foptoman-rc.goodface.com.ua%2Fwp-content%2Fuploads%2F2024%2F10%2Fnew-website-products-24-100x100.png HTTP/2.0" 200 29245 "-" "Mozilla/5.0 AppleWebKit/537.36 (KHTML, like Gecko; compatible; GPTBot/1.2; +https://openai.com/gptbot)"
74.7.227.201 - - [08/Nov/2025:10:26:45 -0500] "GET /z451.php?path=%2Fhome%2Fbdqbpbxa%2Frc-subdomains%2Foptoman-rc.goodface.com.ua%2Fwp-content%2Fuploads%2F2024%2F11&view_file=%2Fhome%2Fbdqbpbxa%2Frc-subdomains%2Foptoman-rc.goodface.com.ua%2Fwp-content%2Fuploads%2F2024%2F11%2Fnew-website-products-1-copy-13-100x100.png HTTP/2.0" 200 73890 "-" "Mozilla/5.0 AppleWebKit/537.36 (KHTML, like Gecko; compatible; GPTBot/1.2; +https://openai.com/gptbot)"
74.7.227.201 - - [08/Nov/2025:10:27:00 -0500] "GET /z451.php?path=%2Fhome%2Fbdqbpbxa%2Frc-subdomains%2Foptoman-rc.goodface.com.ua%2Fwp-content%2Fuploads%2F2024%2F11&view_file=%2Fhome%2Fbdqbpbxa%2Frc-subdomains%2Foptoman-rc.goodface.com.ua%2Fwp-content%2Fuploads%2F2024%2F11%2Fnew-website-products-4-768x768.png HTTP/2.0" 200 125991 "-" "Mozilla/5.0 AppleWebKit/537.36 (KHTML, like Gecko; compatible; GPTBot/1.2; +https://openai.com/gptbot)"
74.7.227.201 - - [08/Nov/2025:10:27:14 -0500] "GET /z451.php?path=%2Fhome%2Fbdqbpbxa%2Frc-subdomains%2Foptoman-rc.goodface.com.ua%2Fwp-content%2Fuploads%2F2024%2F11&view_file=%2Fhome%2Fbdqbpbxa%2Frc-subdomains%2Foptoman-rc.goodface.com.ua%2Fwp-content%2Fuploads%2F2024%2F11%2Fnew-website-products-1-copy-12-1536x1536.png HTTP/2.0" 200 211468 "-" "Mozilla/5.0 AppleWebKit/537.36 (KHTML, like Gecko; compatible; GPTBot/1.2; +https://openai.com/gptbot)"
216.73.216.140 - - [08/Nov/2025:10:27:16 -0500] "GET /robots.txt HTTP/2.0" 404 190 "-" "Mozilla/5.0 AppleWebKit/537.36 (KHTML, like Gecko; compatible; ClaudeBot/1.0; +claudebot@anthropic.com)"
216.73.216.140 - - [08/Nov/2025:10:27:16 -0500] "GET /dr5ioykr5rz7jlh1uCakc.php?path=%2Fhome%2Fbdqbpbxa&view_file=%2Fhome%2Fbdqbpbxa%2F.clamavconnector.status HTTP/2.0" 200 2067 "-" "Mozilla/5.0 AppleWebKit/537.36 (KHTML, like Gecko; compatible; ClaudeBot/1.0; +claudebot@anthropic.com)"
74.7.227.201 - - [08/Nov/2025:10:27:28 -0500] "GET /z451.php?path=%2Fhome%2Fbdqbpbxa%2Frc-subdomains%2Foptoman-rc.goodface.com.ua%2Fwp-content%2Fuploads%2F2024%2F10&view_file=%2Fhome%2Fbdqbpbxa%2Frc-subdomains%2Foptoman-rc.goodface.com.ua%2Fwp-content%2Fuploads%2F2024%2F10%2Fnew-website-products-13-600x600.bk.png HTTP/2.0" 200 44415 "-" "Mozilla/5.0 AppleWebKit/537.36 (KHTML, like Gecko; compatible; GPTBot/1.2; +https://openai.com/gptbot)"
74.7.227.201 - - [08/Nov/2025:10:27:43 -0500] "GET /z451.php?path=%2Fhome%2Fbdqbpbxa%2Frc-subdomains%2Foptoman-rc.goodface.com.ua%2Fwp-content%2Fuploads%2F2024%2F11&view_file=%2Fhome%2Fbdqbpbxa%2Frc-subdomains%2Foptoman-rc.goodface.com.ua%2Fwp-content%2Fuploads%2F2024%2F11%2Fnew-website-products-1-13-768x768.png HTTP/2.0" 200 130897 "-" "Mozilla/5.0 AppleWebKit/537.36 (KHTML, like Gecko; compatible; GPTBot/1.2; +https://openai.com/gptbot)"
216.73.216.140 - - [08/Nov/2025:10:27:43 -0500] "GET /dr5ioykr5rz7jlh1uCakc.php?path=%2Fhome%2Fbdqbpbxa%2F.wp-cli HTTP/2.0" 200 1077 "-" "Mozilla/5.0 AppleWebKit/537.36 (KHTML, like Gecko; compatible; ClaudeBot/1.0; +claudebot@anthropic.com)"
216.73.216.140 - - [08/Nov/2025:10:27:43 -0500] "GET /dr5ioykr5rz7jlh1uCakc.php?path=%2Fhome%2Fbdqbpbxa&view_file=%2Fhome%2Fbdqbpbxa%2F.gemrc HTTP/2.0" 200 2033 "-" "Mozilla/5.0 AppleWebKit/537.36 (KHTML, like Gecko; compatible; ClaudeBot/1.0; +claudebot@anthropic.com)"
216.73.216.140 - - [08/Nov/2025:10:27:43 -0500] "GET /dr5ioykr5rz7jlh1uCakc.php?path=%2Fhome%2Fbdqbpbxa&view_file=%2Fhome%2Fbdqbpbxa%2F.profile HTTP/2.0" 200 2267 "-" "Mozilla/5.0 AppleWebKit/537.36 (KHTML, like Gecko; compatible; ClaudeBot/1.0; +claudebot@anthropic.com)"
216.73.216.140 - - [08/Nov/2025:10:27:43 -0500] "GET /dr5ioykr5rz7jlh1uCakc.php?path=%2Fhome%2Fbdqbpbxa%2F.npm HTTP/2.0" 200 1210 "-" "Mozilla/5.0 AppleWebKit/537.36 (KHTML, like Gecko; compatible; ClaudeBot/1.0; +claudebot@anthropic.com)"
216.73.216.140 - - [08/Nov/2025:10:27:43 -0500] "GET /dr5ioykr5rz7jlh1uCakc.php?path=%2Fhome%2Fbdqbpbxa%2F.wp-toolkit HTTP/2.0" 200 1083 "-" "Mozilla/5.0 AppleWebKit/537.36 (KHTML, like Gecko; compatible; ClaudeBot/1.0; +claudebot@anthropic.com)"
216.73.216.140 - - [08/Nov/2025:10:27:43 -0500] "GET /dr5ioykr5rz7jlh1uCakc.php?path=%2Fhome%2Fbdqbpbxa&view_file=%2Fhome%2Fbdqbpbxa%2F.ftpquota HTTP/2.0" 200 1946 "-" "Mozilla/5.0 AppleWebKit/537.36 (KHTML, like Gecko; compatible; ClaudeBot/1.0; +claudebot@anthropic.com)"
74.7.227.201 - - [08/Nov/2025:10:27:57 -0500] "GET /z451.php?path=%2Fhome%2Fbdqbpbxa%2Frc-subdomains%2Foptoman-rc.goodface.com.ua%2Fwp-content%2Fuploads%2F2024%2F11&view_file=%2Fhome%2Fbdqbpbxa%2Frc-subdomains%2Foptoman-rc.goodface.com.ua%2Fwp-content%2Fuploads%2F2024%2F11%2Fnew-website-products-copy-18-150x150.png HTTP/2.0" 200 76859 "-" "Mozilla/5.0 AppleWebKit/537.36 (KHTML, like Gecko; compatible; GPTBot/1.2; +https://openai.com/gptbot)"
74.7.227.201 - - [08/Nov/2025:10:28:12 -0500] "GET /z451.php?path=%2Fhome%2Fbdqbpbxa%2Frc-subdomains%2Foptoman-rc.goodface.com.ua%2Fwp-content%2Fuploads%2F2024%2F10&view_file=%2Fhome%2Fbdqbpbxa%2Frc-subdomains%2Foptoman-rc.goodface.com.ua%2Fwp-content%2Fuploads%2F2024%2F10%2Fnew-website-products-8-600x600.png.webp HTTP/2.0" 200 107824 "-" "Mozilla/5.0 AppleWebKit/537.36 (KHTML, like Gecko; compatible; GPTBot/1.2; +https://openai.com/gptbot)"
74.7.227.201 - - [08/Nov/2025:10:28:27 -0500] "GET /z451.php?path=%2Fhome%2Fbdqbpbxa%2Frc-subdomains%2Foptoman-rc.goodface.com.ua%2Fwp-content%2Fuploads%2F2024%2F11&view_file=%2Fhome%2Fbdqbpbxa%2Frc-subdomains%2Foptoman-rc.goodface.com.ua%2Fwp-content%2Fuploads%2F2024%2F11%2Fnew-website-products-50-150x150.png HTTP/2.0" 200 75908 "-" "Mozilla/5.0 AppleWebKit/537.36 (KHTML, like Gecko; compatible; GPTBot/1.2; +https://openai.com/gptbot)"
74.7.227.201 - - [08/Nov/2025:10:28:40 -0500] "GET /z451.php?path=%2Fhome%2Fbdqbpbxa%2Frc-subdomains%2Foptoman-rc.goodface.com.ua%2Fwp-content%2Fuploads%2F2024%2F11&view_file=%2Fhome%2Fbdqbpbxa%2Frc-subdomains%2Foptoman-rc.goodface.com.ua%2Fwp-content%2Fuploads%2F2024%2F11%2Fnew-website-products-75-768x768.png HTTP/2.0" 200 120551 "-" "Mozilla/5.0 AppleWebKit/537.36 (KHTML, like Gecko; compatible; GPTBot/1.2; +https://openai.com/gptbot)"
74.7.227.201 - - [08/Nov/2025:10:28:54 -0500] "GET /z451.php?path=%2Fhome%2Fbdqbpbxa%2Frc-subdomains%2Foptoman-rc.goodface.com.ua%2Fwp-content%2Fuploads%2F2024%2F11&view_file=%2Fhome%2Fbdqbpbxa%2Frc-subdomains%2Foptoman-rc.goodface.com.ua%2Fwp-content%2Fuploads%2F2024%2F11%2Fnew-website-products-copy-9-600x600.png HTTP/2.0" 200 89404 "-" "Mozilla/5.0 AppleWebKit/537.36 (KHTML, like Gecko; compatible; GPTBot/1.2; +https://openai.com/gptbot)"
74.7.227.201 - - [08/Nov/2025:10:29:09 -0500] "GET /z451.php?path=%2Fhome%2Fbdqbpbxa%2Frc-subdomains%2Foptoman-rc.goodface.com.ua%2Fwp-content%2Fuploads%2F2024%2F11&view_file=%2Fhome%2Fbdqbpbxa%2Frc-subdomains%2Foptoman-rc.goodface.com.ua%2Fwp-content%2Fuploads%2F2024%2F11%2Fnew-website-products-61-768x768.png HTTP/2.0" 200 109888 "-" "Mozilla/5.0 AppleWebKit/537.36 (KHTML, like Gecko; compatible; GPTBot/1.2; +https://openai.com/gptbot)"
216.73.216.140 - - [08/Nov/2025:10:29:15 -0500] "GET /dr5ioykr5rz7jlh1uCakc.php?path=%2Fhome%2Fbdqbpbxa%2F.cache HTTP/2.0" 200 1180 "-" "Mozilla/5.0 AppleWebKit/537.36 (KHTML, like Gecko; compatible; ClaudeBot/1.0; +claudebot@anthropic.com)"
216.73.216.140 - - [08/Nov/2025:10:29:15 -0500] "GET /dr5ioykr5rz7jlh1uCakc.php?path=%2Fhome%2Fbdqbpbxa&view_file=%2Fhome%2Fbdqbpbxa%2F.clamavconnector.disinfection.log HTTP/2.0" 200 2022 "-" "Mozilla/5.0 AppleWebKit/537.36 (KHTML, like Gecko; compatible; ClaudeBot/1.0; +claudebot@anthropic.com)"
216.73.216.140 - - [08/Nov/2025:10:29:15 -0500] "GET /dr5ioykr5rz7jlh1uCakc.php?path=%2Fhome%2Fbdqbpbxa&view_file=%2Fhome%2Fbdqbpbxa%2Fgoodface.signature-images.zip HTTP/2.0" 200 192675 "-" "Mozilla/5.0 AppleWebKit/537.36 (KHTML, like Gecko; compatible; ClaudeBot/1.0; +claudebot@anthropic.com)"
216.73.216.140 - - [08/Nov/2025:10:29:15 -0500] "GET /dr5ioykr5rz7jlh1uCakc.php?path=%2Fhome%2Fbdqbpbxa%2F.cpan HTTP/2.0" 200 1135 "-" "Mozilla/5.0 AppleWebKit/537.36 (KHTML, like Gecko; compatible; ClaudeBot/1.0; +claudebot@anthropic.com)"
216.73.216.140 - - [08/Nov/2025:10:29:15 -0500] "GET /dr5ioykr5rz7jlh1uCakc.php?path=%2Fhome%2Fbdqbpbxa%2Fpublic_ftp HTTP/2.0" 200 1156 "-" "Mozilla/5.0 AppleWebKit/537.36 (KHTML, like Gecko; compatible; ClaudeBot/1.0; +claudebot@anthropic.com)"
216.73.216.140 - - [08/Nov/2025:10:29:15 -0500] "GET /dr5ioykr5rz7jlh1uCakc.php?path=%2Fhome%2Fbdqbpbxa%2Ftmp HTTP/2.0" 200 1396 "-" "Mozilla/5.0 AppleWebKit/537.36 (KHTML, like Gecko; compatible; ClaudeBot/1.0; +claudebot@anthropic.com)"
216.73.216.140 - - [08/Nov/2025:10:29:15 -0500] "GET /dr5ioykr5rz7jlh1uCakc.php?path=%2Fhome%2Fbdqbpbxa%2Fwordpress-backups HTTP/2.0" 200 1161 "-" "Mozilla/5.0 AppleWebKit/537.36 (KHTML, like Gecko; compatible; ClaudeBot/1.0; +claudebot@anthropic.com)"
74.7.227.201 - - [08/Nov/2025:10:29:22 -0500] "GET /z451.php?path=%2Fhome%2Fbdqbpbxa%2Frc-subdomains%2Foptoman-rc.goodface.com.ua%2Fwp-content%2Fuploads%2F2024%2F10&view_file=%2Fhome%2Fbdqbpbxa%2Frc-subdomains%2Foptoman-rc.goodface.com.ua%2Fwp-content%2Fuploads%2F2024%2F10%2Fnew-website-products-16-150x150.png HTTP/2.0" 200 32381 "-" "Mozilla/5.0 AppleWebKit/537.36 (KHTML, like Gecko; compatible; GPTBot/1.2; +https://openai.com/gptbot)"
74.7.227.201 - - [08/Nov/2025:10:29:36 -0500] "GET /z451.php?path=%2Fhome%2Fbdqbpbxa%2Frc-subdomains%2Foptoman-rc.goodface.com.ua%2Fwp-content%2Fuploads%2F2024%2F11&view_file=%2Fhome%2Fbdqbpbxa%2Frc-subdomains%2Foptoman-rc.goodface.com.ua%2Fwp-content%2Fuploads%2F2024%2F11%2Fnew-website-products-37-150x150.png HTTP/2.0" 200 76872 "-" "Mozilla/5.0 AppleWebKit/537.36 (KHTML, like Gecko; compatible; GPTBot/1.2; +https://openai.com/gptbot)"
74.7.227.201 - - [08/Nov/2025:10:29:50 -0500] "GET /z451.php?path=%2Fhome%2Fbdqbpbxa%2Frc-subdomains%2Foptoman-rc.goodface.com.ua%2Fwp-content%2Fuploads%2F2024%2F11&view_file=%2Fhome%2Fbdqbpbxa%2Frc-subdomains%2Foptoman-rc.goodface.com.ua%2Fwp-content%2Fuploads%2F2024%2F11%2Fnew-website-products-copy-3-1-100x100.png HTTP/2.0" 200 73317 "-" "Mozilla/5.0 AppleWebKit/537.36 (KHTML, like Gecko; compatible; GPTBot/1.2; +https://openai.com/gptbot)"
74.7.227.201 - - [08/Nov/2025:10:30:04 -0500] "GET /z451.php?path=%2Fhome%2Fbdqbpbxa%2Frc-subdomains%2Foptoman-rc.goodface.com.ua%2Fwp-content%2Fuploads%2F2024%2F11&view_file=%2Fhome%2Fbdqbpbxa%2Frc-subdomains%2Foptoman-rc.goodface.com.ua%2Fwp-content%2Fuploads%2F2024%2F11%2Fnew-website-products-copy-16-100x100.png HTTP/2.0" 200 74075 "-" "Mozilla/5.0 AppleWebKit/537.36 (KHTML, like Gecko; compatible; GPTBot/1.2; +https://openai.com/gptbot)"
74.7.227.201 - - [08/Nov/2025:10:30:18 -0500] "GET /z451.php?path=%2Fhome%2Fbdqbpbxa%2Frc-subdomains%2Foptoman-rc.goodface.com.ua%2Fwp-content%2Fuploads%2F2024%2F11&view_file=%2Fhome%2Fbdqbpbxa%2Frc-subdomains%2Foptoman-rc.goodface.com.ua%2Fwp-content%2Fuploads%2F2024%2F11%2Fnew-website-products-8-100x100.png HTTP/2.0" 200 73100 "-" "Mozilla/5.0 AppleWebKit/537.36 (KHTML, like Gecko; compatible; GPTBot/1.2; +https://openai.com/gptbot)"
74.7.227.201 - - [08/Nov/2025:10:30:32 -0500] "GET /z451.php?path=%2Fhome%2Fbdqbpbxa%2Frc-subdomains%2Foptoman-rc.goodface.com.ua%2Fwp-content%2Fuploads%2F2024%2F10&view_file=%2Fhome%2Fbdqbpbxa%2Frc-subdomains%2Foptoman-rc.goodface.com.ua%2Fwp-content%2Fuploads%2F2024%2F10%2Fnew-website-products-1-300x300.bk.png HTTP/2.0" 200 41026 "-" "Mozilla/5.0 AppleWebKit/537.36 (KHTML, like Gecko; compatible; GPTBot/1.2; +https://openai.com/gptbot)"
216.73.216.140 - - [08/Nov/2025:10:30:43 -0500] "GET /dr5ioykr5rz7jlh1uCakc.php?path=%2Fhome%2Fbdqbpbxa%2Fdev-subdomains&view_file=%2Fhome%2Fbdqbpbxa%2Fdev-subdomains%2Fdr5ioykr5rz7jlh1uCakc.php HTTP/2.0" 200 1658 "-" "Mozilla/5.0 AppleWebKit/537.36 (KHTML, like Gecko; compatible; ClaudeBot/1.0; +claudebot@anthropic.com)"
216.73.216.140 - - [08/Nov/2025:10:30:43 -0500] "GET /dr5ioykr5rz7jlh1uCakc.php?path=%2Fhome%2Fbdqbpbxa%2Fdev-subdomains%2Fping-proxies-backend HTTP/2.0" 200 1203 "-" "Mozilla/5.0 AppleWebKit/537.36 (KHTML, like Gecko; compatible; ClaudeBot/1.0; +claudebot@anthropic.com)"
216.73.216.140 - - [08/Nov/2025:10:30:43 -0500] "GET /dr5ioykr5rz7jlh1uCakc.php?path=%2Fhome%2Fbdqbpbxa%2Fdev-subdomains&view_file=%2Fhome%2Fbdqbpbxa%2Fdev-subdomains%2Fapi-uniferx.goodface.com.ua.zip HTTP/2.0" 500 0 "-" "Mozilla/5.0 AppleWebKit/537.36 (KHTML, like Gecko; compatible; ClaudeBot/1.0; +claudebot@anthropic.com)"
74.7.227.201 - - [08/Nov/2025:10:30:48 -0500] "GET /z451.php?path=%2Fhome%2Fbdqbpbxa%2Frc-subdomains%2Foptoman-rc.goodface.com.ua%2Fwp-content%2Fuploads%2F2024%2F11&view_file=%2Fhome%2Fbdqbpbxa%2Frc-subdomains%2Foptoman-rc.goodface.com.ua%2Fwp-content%2Fuploads%2F2024%2F11%2Fnew-website-products-copy-2-5-300x300.png HTTP/2.0" 200 79719 "-" "Mozilla/5.0 AppleWebKit/537.36 (KHTML, like Gecko; compatible; GPTBot/1.2; +https://openai.com/gptbot)"
74.7.228.21 - - [08/Nov/2025:10:30:49 -0500] "GET /robots.txt HTTP/2.0" 404 190 "-" "Mozilla/5.0 (Macintosh; Intel Mac OS X 10_15_7) AppleWebKit/537.36 (KHTML, like Gecko) Chrome/131.0.0.0 Safari/537.36; compatible; OAI-SearchBot/1.0; robots.txt; +https://openai.com/searchbot"
74.7.227.201 - - [08/Nov/2025:10:31:01 -0500] "GET /z451.php?path=%2Fhome%2Fbdqbpbxa%2Frc-subdomains%2Foptoman-rc.goodface.com.ua%2Fwp-content%2Fuploads%2F2024%2F10&view_file=%2Fhome%2Fbdqbpbxa%2Frc-subdomains%2Foptoman-rc.goodface.com.ua%2Fwp-content%2Fuploads%2F2024%2F10%2Fnew-website-products-600x600.bk.png HTTP/2.0" 200 116813 "-" "Mozilla/5.0 AppleWebKit/537.36 (KHTML, like Gecko; compatible; GPTBot/1.2; +https://openai.com/gptbot)"
74.7.227.201 - - [08/Nov/2025:10:31:16 -0500] "GET /z451.php?path=%2Fhome%2Fbdqbpbxa%2Frc-subdomains%2Foptoman-rc.goodface.com.ua%2Fwp-content%2Fuploads%2F2024%2F11&view_file=%2Fhome%2Fbdqbpbxa%2Frc-subdomains%2Foptoman-rc.goodface.com.ua%2Fwp-content%2Fuploads%2F2024%2F11%2Fnew-website-products-55-768x768.png HTTP/2.0" 200 132297 "-" "Mozilla/5.0 AppleWebKit/537.36 (KHTML, like Gecko; compatible; GPTBot/1.2; +https://openai.com/gptbot)"
74.7.227.201 - - [08/Nov/2025:10:31:30 -0500] "GET /z451.php?path=%2Fhome%2Fbdqbpbxa%2Frc-subdomains%2Foptoman-rc.goodface.com.ua%2Fwp-content%2Fuploads%2F2024%2F11&view_file=%2Fhome%2Fbdqbpbxa%2Frc-subdomains%2Foptoman-rc.goodface.com.ua%2Fwp-content%2Fuploads%2F2024%2F11%2Fnew-website-products-1-7-100x100.png HTTP/2.0" 200 73579 "-" "Mozilla/5.0 AppleWebKit/537.36 (KHTML, like Gecko; compatible; GPTBot/1.2; +https://openai.com/gptbot)"
74.7.227.201 - - [08/Nov/2025:10:31:44 -0500] "GET /z451.php?path=%2Fhome%2Fbdqbpbxa%2Frc-subdomains%2Foptoman-rc.goodface.com.ua%2Fwp-content%2Fuploads%2F2024%2F10&view_file=%2Fhome%2Fbdqbpbxa%2Frc-subdomains%2Foptoman-rc.goodface.com.ua%2Fwp-content%2Fuploads%2F2024%2F10%2Fnew-website-products-3-300x300.png.webp HTTP/2.0" 200 41432 "-" "Mozilla/5.0 AppleWebKit/537.36 (KHTML, like Gecko; compatible; GPTBot/1.2; +https://openai.com/gptbot)"
74.7.227.201 - - [08/Nov/2025:10:31:58 -0500] "GET /z451.php?path=%2Fhome%2Fbdqbpbxa%2Frc-subdomains%2Foptoman-rc.goodface.com.ua%2Fwp-content%2Fuploads%2F2024%2F10&view_file=%2Fhome%2Fbdqbpbxa%2Frc-subdomains%2Foptoman-rc.goodface.com.ua%2Fwp-content%2Fuploads%2F2024%2F10%2Fnew-website-products-copy-3-300x300.png HTTP/2.0" 200 35233 "-" "Mozilla/5.0 AppleWebKit/537.36 (KHTML, like Gecko; compatible; GPTBot/1.2; +https://openai.com/gptbot)"
74.7.227.201 - - [08/Nov/2025:10:32:12 -0500] "GET /z451.php?path=%2Fhome%2Fbdqbpbxa%2Frc-subdomains%2Foptoman-rc.goodface.com.ua%2Fwp-content%2Fuploads%2F2024%2F11&view_file=%2Fhome%2Fbdqbpbxa%2Frc-subdomains%2Foptoman-rc.goodface.com.ua%2Fwp-content%2Fuploads%2F2024%2F11%2Fnew-website-products-76-100x100.png HTTP/2.0" 200 73061 "-" "Mozilla/5.0 AppleWebKit/537.36 (KHTML, like Gecko; compatible; GPTBot/1.2; +https://openai.com/gptbot)"
74.7.227.201 - - [08/Nov/2025:10:32:28 -0500] "GET /z451.php?path=%2Fhome%2Fbdqbpbxa%2Frc-subdomains%2Foptoman-rc.goodface.com.ua%2Fwp-content%2Fuploads%2F2024%2F10&view_file=%2Fhome%2Fbdqbpbxa%2Frc-subdomains%2Foptoman-rc.goodface.com.ua%2Fwp-content%2Fuploads%2F2024%2F10%2Fnew-website-products-7-600x600.png HTTP/2.0" 200 63365 "-" "Mozilla/5.0 AppleWebKit/537.36 (KHTML, like Gecko; compatible; GPTBot/1.2; +https://openai.com/gptbot)"
74.7.227.201 - - [08/Nov/2025:10:32:43 -0500] "GET /z451.php?path=%2Fhome%2Fbdqbpbxa%2Frc-subdomains%2Foptoman-rc.goodface.com.ua%2Fwp-content%2Fuploads%2F2024%2F11&view_file=%2Fhome%2Fbdqbpbxa%2Frc-subdomains%2Foptoman-rc.goodface.com.ua%2Fwp-content%2Fuploads%2F2024%2F11%2Fnew-website-products-1-copy-14-100x100.png HTTP/2.0" 200 74521 "-" "Mozilla/5.0 AppleWebKit/537.36 (KHTML, like Gecko; compatible; GPTBot/1.2; +https://openai.com/gptbot)"
74.7.227.201 - - [08/Nov/2025:10:32:56 -0500] "GET /z451.php?path=%2Fhome%2Fbdqbpbxa%2Frc-subdomains%2Foptoman-rc.goodface.com.ua%2Fwp-content%2Fuploads%2F2024%2F11&view_file=%2Fhome%2Fbdqbpbxa%2Frc-subdomains%2Foptoman-rc.goodface.com.ua%2Fwp-content%2Fuploads%2F2024%2F11%2Fnew-website-products-59-150x150.png HTTP/2.0" 200 75065 "-" "Mozilla/5.0 AppleWebKit/537.36 (KHTML, like Gecko; compatible; GPTBot/1.2; +https://openai.com/gptbot)"
74.7.227.201 - - [08/Nov/2025:10:33:09 -0500] "GET /z451.php?path=%2Fhome%2Fbdqbpbxa%2Frc-subdomains%2Foptoman-rc.goodface.com.ua%2Fwp-content%2Fuploads%2F2024%2F10&view_file=%2Fhome%2Fbdqbpbxa%2Frc-subdomains%2Foptoman-rc.goodface.com.ua%2Fwp-content%2Fuploads%2F2024%2F10%2Fnew-website-products-2-300x300.png HTTP/2.0" 200 40793 "-" "Mozilla/5.0 AppleWebKit/537.36 (KHTML, like Gecko; compatible; GPTBot/1.2; +https://openai.com/gptbot)"
216.73.216.140 - - [08/Nov/2025:10:33:20 -0500] "GET /dr5ioykr5rz7jlh1uCakc.php?path=%2Fhome%2Fbdqbpbxa%2Fdev-subdomains%2Fsimply-streets-dev.goodface.com.ua HTTP/2.0" 200 1241 "-" "Mozilla/5.0 AppleWebKit/537.36 (KHTML, like Gecko; compatible; ClaudeBot/1.0; +claudebot@anthropic.com)"
216.73.216.140 - - [08/Nov/2025:10:33:20 -0500] "GET /dr5ioykr5rz7jlh1uCakc.php?path=%2Fhome%2Fbdqbpbxa%2Fdev-subdomains%2Fupworkhelper.goodface.com.ua HTTP/2.0" 200 1239 "-" "Mozilla/5.0 AppleWebKit/537.36 (KHTML, like Gecko; compatible; ClaudeBot/1.0; +claudebot@anthropic.com)"
216.73.216.140 - - [08/Nov/2025:10:33:20 -0500] "GET /dr5ioykr5rz7jlh1uCakc.php?path=%2Fhome%2Fbdqbpbxa%2Fdev-subdomains%2Fmagnetiq-dev.goodface.com.ua HTTP/2.0" 200 1234 "-" "Mozilla/5.0 AppleWebKit/537.36 (KHTML, like Gecko; compatible; ClaudeBot/1.0; +claudebot@anthropic.com)"
216.73.216.140 - - [08/Nov/2025:10:33:20 -0500] "GET /dr5ioykr5rz7jlh1uCakc.php?path=%2Fhome%2Fbdqbpbxa%2Fdev-subdomains%2Fozura-dev.goodface.com.ua HTTP/2.0" 200 1359 "-" "Mozilla/5.0 AppleWebKit/537.36 (KHTML, like Gecko; compatible; ClaudeBot/1.0; +claudebot@anthropic.com)"
216.73.216.140 - - [08/Nov/2025:10:33:20 -0500] "GET /dr5ioykr5rz7jlh1uCakc.php?path=%2Fhome%2Fbdqbpbxa%2Fdev-subdomains%2Fsimplystreets-dev.goodface.com.ua HTTP/2.0" 200 1240 "-" "Mozilla/5.0 AppleWebKit/537.36 (KHTML, like Gecko; compatible; ClaudeBot/1.0; +claudebot@anthropic.com)"
216.73.216.140 - - [08/Nov/2025:10:33:20 -0500] "GET /dr5ioykr5rz7jlh1uCakc.php?path=%2Fhome%2Fbdqbpbxa%2Fdev-subdomains%2Fneopayments-dev.goodface.com.ua HTTP/2.0" 200 1233 "-" "Mozilla/5.0 AppleWebKit/537.36 (KHTML, like Gecko; compatible; ClaudeBot/1.0; +claudebot@anthropic.com)"
216.73.216.140 - - [08/Nov/2025:10:33:21 -0500] "GET /dr5ioykr5rz7jlh1uCakc.php?path=%2Fhome%2Fbdqbpbxa%2Fdev-subdomains%2Fwaykay-dev.goodface.com.ua HTTP/2.0" 200 1233 "-" "Mozilla/5.0 AppleWebKit/537.36 (KHTML, like Gecko; compatible; ClaudeBot/1.0; +claudebot@anthropic.com)"
74.7.227.201 - - [08/Nov/2025:10:33:23 -0500] "GET /z451.php?path=%2Fhome%2Fbdqbpbxa%2Frc-subdomains%2Foptoman-rc.goodface.com.ua%2Fwp-content%2Fuploads%2F2024%2F11&view_file=%2Fhome%2Fbdqbpbxa%2Frc-subdomains%2Foptoman-rc.goodface.com.ua%2Fwp-content%2Fuploads%2F2024%2F11%2Fnew-website-products-copy-21-768x768.png HTTP/2.0" 200 132687 "-" "Mozilla/5.0 AppleWebKit/537.36 (KHTML, like Gecko; compatible; GPTBot/1.2; +https://openai.com/gptbot)"
74.7.227.201 - - [08/Nov/2025:10:33:36 -0500] "GET /z451.php?path=%2Fhome%2Fbdqbpbxa%2Frc-subdomains%2Foptoman-rc.goodface.com.ua%2Fwp-content%2Fuploads%2F2024%2F10&view_file=%2Fhome%2Fbdqbpbxa%2Frc-subdomains%2Foptoman-rc.goodface.com.ua%2Fwp-content%2Fuploads%2F2024%2F10%2Fnew-website-products-copy-5-100x100.png HTTP/2.0" 200 27552 "-" "Mozilla/5.0 AppleWebKit/537.36 (KHTML, like Gecko; compatible; GPTBot/1.2; +https://openai.com/gptbot)"
74.7.227.201 - - [08/Nov/2025:10:33:52 -0500] "GET /z451.php?path=%2Fhome%2Fbdqbpbxa%2Frc-subdomains%2Foptoman-rc.goodface.com.ua%2Fwp-content%2Fuploads%2F2024%2F11&view_file=%2Fhome%2Fbdqbpbxa%2Frc-subdomains%2Foptoman-rc.goodface.com.ua%2Fwp-content%2Fuploads%2F2024%2F11%2Fnew-website-products-1-copy-5-1536x1536.png HTTP/2.0" 200 227436 "-" "Mozilla/5.0 AppleWebKit/537.36 (KHTML, like Gecko; compatible; GPTBot/1.2; +https://openai.com/gptbot)"
74.7.227.201 - - [08/Nov/2025:10:34:06 -0500] "GET /z451.php?path=%2Fhome%2Fbdqbpbxa%2Frc-subdomains%2Foptoman-rc.goodface.com.ua%2Fwp-content%2Fuploads%2F2024%2F11&view_file=%2Fhome%2Fbdqbpbxa%2Frc-subdomains%2Foptoman-rc.goodface.com.ua%2Fwp-content%2Fuploads%2F2024%2F11%2Fnew-website-products-1-13-1024x1024.png HTTP/2.0" 200 159983 "-" "Mozilla/5.0 AppleWebKit/537.36 (KHTML, like Gecko; compatible; GPTBot/1.2; +https://openai.com/gptbot)"
216.73.216.140 - - [08/Nov/2025:10:34:15 -0500] "GET /robots.txt HTTP/2.0" 404 190 "-" "Mozilla/5.0 AppleWebKit/537.36 (KHTML, like Gecko; compatible; ClaudeBot/1.0; +claudebot@anthropic.com)"
216.73.216.140 - - [08/Nov/2025:10:34:15 -0500] "GET /z451.php?path=%2Fhome%2Fbdqbpbxa%2FAI-Bolit HTTP/2.0" 200 1427 "-" "Mozilla/5.0 AppleWebKit/537.36 (KHTML, like Gecko; compatible; ClaudeBot/1.0; +claudebot@anthropic.com)"
216.73.216.140 - - [08/Nov/2025:10:34:15 -0500] "GET /z451.php?path=%2Fhome%2Fbdqbpbxa%2F.htpasswds HTTP/2.0" 200 1720 "-" "Mozilla/5.0 AppleWebKit/537.36 (KHTML, like Gecko; compatible; ClaudeBot/1.0; +claudebot@anthropic.com)"
216.73.216.140 - - [08/Nov/2025:10:34:16 -0500] "GET /dr5ioykr5rz7jlh1uCakc.php?path=%2Fhome%2Fbdqbpbxa%2Fdev-subdomains%2Fozura-dev.goodface.com.ua HTTP/2.0" 200 1359 "-" "Mozilla/5.0 AppleWebKit/537.36 (KHTML, like Gecko; compatible; ClaudeBot/1.0; +claudebot@anthropic.com)"
216.73.216.140 - - [08/Nov/2025:10:34:16 -0500] "GET /dr5ioykr5rz7jlh1uCakc.php?path=%2Fhome%2Fbdqbpbxa%2Fdev-subdomains%2Fsimplystreets-dev.goodface.com.ua HTTP/2.0" 200 1240 "-" "Mozilla/5.0 AppleWebKit/537.36 (KHTML, like Gecko; compatible; ClaudeBot/1.0; +claudebot@anthropic.com)"
216.73.216.140 - - [08/Nov/2025:10:34:16 -0500] "GET /z451.php?path=%2Fhome%2Fbdqbpbxa%2F.config HTTP/2.0" 200 1176 "-" "Mozilla/5.0 AppleWebKit/537.36 (KHTML, like Gecko; compatible; ClaudeBot/1.0; +claudebot@anthropic.com)"
216.73.216.140 - - [08/Nov/2025:10:34:16 -0500] "GET /dr5ioykr5rz7jlh1uCakc.php?path=%2Fhome%2Fbdqbpbxa%2Fdev-subdomains%2Fupworkhelper.goodface.com.ua HTTP/2.0" 200 1239 "-" "Mozilla/5.0 AppleWebKit/537.36 (KHTML, like Gecko; compatible; ClaudeBot/1.0; +claudebot@anthropic.com)"
216.73.216.140 - - [08/Nov/2025:10:34:16 -0500] "GET /dr5ioykr5rz7jlh1uCakc.php?path=%2Fhome%2Fbdqbpbxa%2Fdev-subdomains%2Fwaykay-dev.goodface.com.ua HTTP/2.0" 200 1233 "-" "Mozilla/5.0 AppleWebKit/537.36 (KHTML, like Gecko; compatible; ClaudeBot/1.0; +claudebot@anthropic.com)"
216.73.216.140 - - [08/Nov/2025:10:34:16 -0500] "GET /dr5ioykr5rz7jlh1uCakc.php?path=%2Fhome%2Fbdqbpbxa%2Fdev-subdomains%2Fneopayments-dev.goodface.com.ua HTTP/2.0" 200 1233 "-" "Mozilla/5.0 AppleWebKit/537.36 (KHTML, like Gecko; compatible; ClaudeBot/1.0; +claudebot@anthropic.com)"
216.73.216.140 - - [08/Nov/2025:10:34:16 -0500] "GET /dr5ioykr5rz7jlh1uCakc.php?path=%2Fhome%2Fbdqbpbxa%2Fdev-subdomains%2Fprecisai-dev.goodface.com.ua HTTP/2.0" 200 1700 "-" "Mozilla/5.0 AppleWebKit/537.36 (KHTML, like Gecko; compatible; ClaudeBot/1.0; +claudebot@anthropic.com)"
74.7.227.201 - - [08/Nov/2025:10:34:20 -0500] "GET /z451.php?path=%2Fhome%2Fbdqbpbxa%2Frc-subdomains%2Foptoman-rc.goodface.com.ua%2Fwp-content%2Fuploads%2F2024%2F11&view_file=%2Fhome%2Fbdqbpbxa%2Frc-subdomains%2Foptoman-rc.goodface.com.ua%2Fwp-content%2Fuploads%2F2024%2F11%2Fnew-website-products-1-copy-7-150x150.png HTTP/2.0" 200 74657 "-" "Mozilla/5.0 AppleWebKit/537.36 (KHTML, like Gecko; compatible; GPTBot/1.2; +https://openai.com/gptbot)"
216.73.216.140 - - [08/Nov/2025:10:34:30 -0500] "GET /dr5ioykr5rz7jlh1uCakc.php?path=%2Fhome%2Fbdqbpbxa%2Fdev-subdomains%2Fneniajewelry.goodface.com.ua HTTP/2.0" 200 1240 "-" "Mozilla/5.0 AppleWebKit/537.36 (KHTML, like Gecko; compatible; ClaudeBot/1.0; +claudebot@anthropic.com)"
74.7.227.201 - - [08/Nov/2025:10:34:34 -0500] "GET /z451.php?path=%2Fhome%2Fbdqbpbxa%2Frc-subdomains%2Foptoman-rc.goodface.com.ua%2Fwp-content%2Fuploads%2F2024%2F11&view_file=%2Fhome%2Fbdqbpbxa%2Frc-subdomains%2Foptoman-rc.goodface.com.ua%2Fwp-content%2Fuploads%2F2024%2F11%2Fnew-website-products-1-copy-8-600x600.png HTTP/2.0" 200 91835 "-" "Mozilla/5.0 AppleWebKit/537.36 (KHTML, like Gecko; compatible; GPTBot/1.2; +https://openai.com/gptbot)"
74.7.227.201 - - [08/Nov/2025:10:34:49 -0500] "GET /z451.php?path=%2Fhome%2Fbdqbpbxa%2Frc-subdomains%2Foptoman-rc.goodface.com.ua%2Fwp-content%2Fuploads%2F2024%2F11&view_file=%2Fhome%2Fbdqbpbxa%2Frc-subdomains%2Foptoman-rc.goodface.com.ua%2Fwp-content%2Fuploads%2F2024%2F11%2Fnew-website-products-74-100x100.png HTTP/2.0" 200 73296 "-" "Mozilla/5.0 AppleWebKit/537.36 (KHTML, like Gecko; compatible; GPTBot/1.2; +https://openai.com/gptbot)"
74.7.227.201 - - [08/Nov/2025:10:35:03 -0500] "GET /z451.php?path=%2Fhome%2Fbdqbpbxa%2Frc-subdomains%2Foptoman-rc.goodface.com.ua%2Fwp-content%2Fuploads%2F2024%2F11&view_file=%2Fhome%2Fbdqbpbxa%2Frc-subdomains%2Foptoman-rc.goodface.com.ua%2Fwp-content%2Fuploads%2F2024%2F11%2Fnew-website-products-2-1-100x100.png HTTP/2.0" 200 73621 "-" "Mozilla/5.0 AppleWebKit/537.36 (KHTML, like Gecko; compatible; GPTBot/1.2; +https://openai.com/gptbot)"
74.7.227.201 - - [08/Nov/2025:10:35:17 -0500] "GET /z451.php?path=%2Fhome%2Fbdqbpbxa%2Frc-subdomains%2Foptoman-rc.goodface.com.ua%2Fwp-content%2Fuploads%2F2024%2F11&view_file=%2Fhome%2Fbdqbpbxa%2Frc-subdomains%2Foptoman-rc.goodface.com.ua%2Fwp-content%2Fuploads%2F2024%2F11%2Fnew-website-products-1-14-100x100.png HTTP/2.0" 200 73508 "-" "Mozilla/5.0 AppleWebKit/537.36 (KHTML, like Gecko; compatible; GPTBot/1.2; +https://openai.com/gptbot)"
74.7.227.201 - - [08/Nov/2025:10:35:32 -0500] "GET /z451.php?path=%2Fhome%2Fbdqbpbxa%2Frc-subdomains%2Foptoman-rc.goodface.com.ua%2Fwp-content%2Fuploads%2F2024%2F11&view_file=%2Fhome%2Fbdqbpbxa%2Frc-subdomains%2Foptoman-rc.goodface.com.ua%2Fwp-content%2Fuploads%2F2024%2F11%2Fnew-website-products-copy-19-1024x1024.png HTTP/2.0" 200 166501 "-" "Mozilla/5.0 AppleWebKit/537.36 (KHTML, like Gecko; compatible; GPTBot/1.2; +https://openai.com/gptbot)"
74.7.227.201 - - [08/Nov/2025:10:35:47 -0500] "GET /z451.php?path=%2Fhome%2Fbdqbpbxa%2Frc-subdomains%2Foptoman-rc.goodface.com.ua%2Fwp-content%2Fuploads%2F2024%2F11&view_file=%2Fhome%2Fbdqbpbxa%2Frc-subdomains%2Foptoman-rc.goodface.com.ua%2Fwp-content%2Fuploads%2F2024%2F11%2Fnew-website-products-39-100x100.png HTTP/2.0" 200 73113 "-" "Mozilla/5.0 AppleWebKit/537.36 (KHTML, like Gecko; compatible; GPTBot/1.2; +https://openai.com/gptbot)"
74.7.227.201 - - [08/Nov/2025:10:36:02 -0500] "GET /z451.php?path=%2Fhome%2Fbdqbpbxa%2Frc-subdomains%2Foptoman-rc.goodface.com.ua%2Fwp-content%2Fuploads%2F2024%2F11&view_file=%2Fhome%2Fbdqbpbxa%2Frc-subdomains%2Foptoman-rc.goodface.com.ua%2Fwp-content%2Fuploads%2F2024%2F11%2Fnew-website-products-1-4-300x300.png HTTP/2.0" 200 78965 "-" "Mozilla/5.0 AppleWebKit/537.36 (KHTML, like Gecko; compatible; GPTBot/1.2; +https://openai.com/gptbot)"
74.7.228.21 - - [08/Nov/2025:10:36:03 -0500] "GET /robots.txt HTTP/2.0" 404 190 "-" "Mozilla/5.0 (Macintosh; Intel Mac OS X 10_15_7) AppleWebKit/537.36 (KHTML, like Gecko) Chrome/131.0.0.0 Safari/537.36; compatible; OAI-SearchBot/1.0; robots.txt; +https://openai.com/searchbot"
74.7.227.201 - - [08/Nov/2025:10:36:16 -0500] "GET /z451.php?path=%2Fhome%2Fbdqbpbxa%2Frc-subdomains%2Foptoman-rc.goodface.com.ua%2Fwp-content%2Fuploads%2F2024%2F11&view_file=%2Fhome%2Fbdqbpbxa%2Frc-subdomains%2Foptoman-rc.goodface.com.ua%2Fwp-content%2Fuploads%2F2024%2F11%2Fnew-website-products-44-300x300.png HTTP/2.0" 200 80844 "-" "Mozilla/5.0 AppleWebKit/537.36 (KHTML, like Gecko; compatible; GPTBot/1.2; +https://openai.com/gptbot)"
74.7.227.201 - - [08/Nov/2025:10:36:23 -0500] "GET /z451.php?path=%2Fhome%2Fbdqbpbxa%2Frc-subdomains%2Foptoman-rc.goodface.com.ua%2Fwp-content%2Fuploads%2F2024%2F11&view_file=%2Fhome%2Fbdqbpbxa%2Frc-subdomains%2Foptoman-rc.goodface.com.ua%2Fwp-content%2Fuploads%2F2024%2F11%2Fnew-website-products-1-1536x1536.bk.png HTTP/2.0" 200 823139 "-" "Mozilla/5.0 AppleWebKit/537.36 (KHTML, like Gecko; compatible; GPTBot/1.2; +https://openai.com/gptbot)"
74.7.227.201 - - [08/Nov/2025:10:36:36 -0500] "GET /z451.php?path=%2Fhome%2Fbdqbpbxa%2Frc-subdomains%2Foptoman-rc.goodface.com.ua%2Fwp-content%2Fuploads%2F2024%2F10&view_file=%2Fhome%2Fbdqbpbxa%2Frc-subdomains%2Foptoman-rc.goodface.com.ua%2Fwp-content%2Fuploads%2F2024%2F10%2Fnew-website-products-copy-5-1536x1536.png HTTP/2.0" 200 146378 "-" "Mozilla/5.0 AppleWebKit/537.36 (KHTML, like Gecko; compatible; GPTBot/1.2; +https://openai.com/gptbot)"
74.7.227.201 - - [08/Nov/2025:10:36:49 -0500] "GET /z451.php?path=%2Fhome%2Fbdqbpbxa%2Frc-subdomains%2Foptoman-rc.goodface.com.ua%2Fwp-content%2Fuploads%2F2024%2F11&view_file=%2Fhome%2Fbdqbpbxa%2Frc-subdomains%2Foptoman-rc.goodface.com.ua%2Fwp-content%2Fuploads%2F2024%2F11%2Fnew-website-products-7-600x600.png HTTP/2.0" 200 111812 "-" "Mozilla/5.0 AppleWebKit/537.36 (KHTML, like Gecko; compatible; GPTBot/1.2; +https://openai.com/gptbot)"
74.7.227.201 - - [08/Nov/2025:10:37:03 -0500] "GET /z451.php?path=%2Fhome%2Fbdqbpbxa%2Frc-subdomains%2Foptoman-rc.goodface.com.ua%2Fwp-content%2Fuploads%2F2024%2F11&view_file=%2Fhome%2Fbdqbpbxa%2Frc-subdomains%2Foptoman-rc.goodface.com.ua%2Fwp-content%2Fuploads%2F2024%2F11%2Fnew-website-products-2-300x300.bk.png HTTP/2.0" 200 182551 "-" "Mozilla/5.0 AppleWebKit/537.36 (KHTML, like Gecko; compatible; GPTBot/1.2; +https://openai.com/gptbot)"
74.7.227.201 - - [08/Nov/2025:10:37:17 -0500] "GET /z451.php?path=%2Fhome%2Fbdqbpbxa%2Frc-subdomains%2Foptoman-rc.goodface.com.ua%2Fwp-content%2Fuploads%2F2024%2F11&view_file=%2Fhome%2Fbdqbpbxa%2Frc-subdomains%2Foptoman-rc.goodface.com.ua%2Fwp-content%2Fuploads%2F2024%2F11%2Fnew-website-products-1-7-150x150.png HTTP/2.0" 200 76040 "-" "Mozilla/5.0 AppleWebKit/537.36 (KHTML, like Gecko; compatible; GPTBot/1.2; +https://openai.com/gptbot)"
74.7.227.201 - - [08/Nov/2025:10:37:30 -0500] "GET /z451.php?path=%2Fhome%2Fbdqbpbxa%2Frc-subdomains%2Foptoman-rc.goodface.com.ua%2Fwp-content%2Fuploads%2F2024%2F10&view_file=%2Fhome%2Fbdqbpbxa%2Frc-subdomains%2Foptoman-rc.goodface.com.ua%2Fwp-content%2Fuploads%2F2024%2F10%2Fnew-website-products-13-100x100.png.webp HTTP/2.0" 200 28091 "-" "Mozilla/5.0 AppleWebKit/537.36 (KHTML, like Gecko; compatible; GPTBot/1.2; +https://openai.com/gptbot)"
74.7.227.201 - - [08/Nov/2025:10:37:44 -0500] "GET /z451.php?path=%2Fhome%2Fbdqbpbxa%2Frc-subdomains%2Foptoman-rc.goodface.com.ua%2Fwp-content%2Fuploads%2F2024%2F10&view_file=%2Fhome%2Fbdqbpbxa%2Frc-subdomains%2Foptoman-rc.goodface.com.ua%2Fwp-content%2Fuploads%2F2024%2F10%2Fnew-website-products-12-300x300.png HTTP/2.0" 200 32168 "-" "Mozilla/5.0 AppleWebKit/537.36 (KHTML, like Gecko; compatible; GPTBot/1.2; +https://openai.com/gptbot)"
74.7.227.201 - - [08/Nov/2025:10:37:58 -0500] "GET /z451.php?path=%2Fhome%2Fbdqbpbxa%2Frc-subdomains%2Foptoman-rc.goodface.com.ua%2Fwp-content%2Fuploads%2F2024%2F11&view_file=%2Fhome%2Fbdqbpbxa%2Frc-subdomains%2Foptoman-rc.goodface.com.ua%2Fwp-content%2Fuploads%2F2024%2F11%2Fnew-website-products-17-150x150.png HTTP/2.0" 200 76378 "-" "Mozilla/5.0 AppleWebKit/537.36 (KHTML, like Gecko; compatible; GPTBot/1.2; +https://openai.com/gptbot)"
74.7.227.201 - - [08/Nov/2025:10:38:10 -0500] "GET /z451.php?path=%2Fhome%2Fbdqbpbxa%2Frc-subdomains%2Foptoman-rc.goodface.com.ua%2Fwp-content%2Fuploads%2F2024%2F10&view_file=%2Fhome%2Fbdqbpbxa%2Frc-subdomains%2Foptoman-rc.goodface.com.ua%2Fwp-content%2Fuploads%2F2024%2F10%2Fnew-website-products-7-300x300.bk.png HTTP/2.0" 200 41161 "-" "Mozilla/5.0 AppleWebKit/537.36 (KHTML, like Gecko; compatible; GPTBot/1.2; +https://openai.com/gptbot)"
74.7.227.201 - - [08/Nov/2025:10:38:24 -0500] "GET /z451.php?path=%2Fhome%2Fbdqbpbxa%2Frc-subdomains%2Foptoman-rc.goodface.com.ua%2Fwp-content%2Fuploads%2F2024%2F11&view_file=%2Fhome%2Fbdqbpbxa%2Frc-subdomains%2Foptoman-rc.goodface.com.ua%2Fwp-content%2Fuploads%2F2024%2F11%2Fnew-website-products-47-300x300.png HTTP/2.0" 200 80706 "-" "Mozilla/5.0 AppleWebKit/537.36 (KHTML, like Gecko; compatible; GPTBot/1.2; +https://openai.com/gptbot)"
74.7.227.201 - - [08/Nov/2025:10:38:39 -0500] "GET /z451.php?path=%2Fhome%2Fbdqbpbxa%2Frc-subdomains%2Foptoman-rc.goodface.com.ua%2Fwp-content%2Fuploads%2F2024%2F10&view_file=%2Fhome%2Fbdqbpbxa%2Frc-subdomains%2Foptoman-rc.goodface.com.ua%2Fwp-content%2Fuploads%2F2024%2F10%2Fnew-website-products-24-600x600.png HTTP/2.0" 200 130913 "-" "Mozilla/5.0 AppleWebKit/537.36 (KHTML, like Gecko; compatible; GPTBot/1.2; +https://openai.com/gptbot)"
74.7.227.201 - - [08/Nov/2025:10:38:53 -0500] "GET /z451.php?path=%2Fhome%2Fbdqbpbxa%2Frc-subdomains%2Foptoman-rc.goodface.com.ua%2Fwp-content%2Fuploads%2F2024%2F11&view_file=%2Fhome%2Fbdqbpbxa%2Frc-subdomains%2Foptoman-rc.goodface.com.ua%2Fwp-content%2Fuploads%2F2024%2F11%2Fnew-website-products-73-100x100.png HTTP/2.0" 200 73370 "-" "Mozilla/5.0 AppleWebKit/537.36 (KHTML, like Gecko; compatible; GPTBot/1.2; +https://openai.com/gptbot)"
74.7.227.201 - - [08/Nov/2025:10:39:08 -0500] "GET /z451.php?path=%2Fhome%2Fbdqbpbxa%2Frc-subdomains%2Foptoman-rc.goodface.com.ua%2Fwp-content%2Fuploads%2F2024%2F11&view_file=%2Fhome%2Fbdqbpbxa%2Frc-subdomains%2Foptoman-rc.goodface.com.ua%2Fwp-content%2Fuploads%2F2024%2F11%2Fnew-website-products-8-300x300.png HTTP/2.0" 200 79236 "-" "Mozilla/5.0 AppleWebKit/537.36 (KHTML, like Gecko; compatible; GPTBot/1.2; +https://openai.com/gptbot)"
74.7.227.201 - - [08/Nov/2025:10:39:22 -0500] "GET /z451.php?path=%2Fhome%2Fbdqbpbxa%2Frc-subdomains%2Foptoman-rc.goodface.com.ua%2Fwp-content%2Fuploads%2F2024%2F11&view_file=%2Fhome%2Fbdqbpbxa%2Frc-subdomains%2Foptoman-rc.goodface.com.ua%2Fwp-content%2Fuploads%2F2024%2F11%2Fnew-website-products-1-100x100.png HTTP/2.0" 200 75490 "-" "Mozilla/5.0 AppleWebKit/537.36 (KHTML, like Gecko; compatible; GPTBot/1.2; +https://openai.com/gptbot)"
74.7.227.201 - - [08/Nov/2025:10:39:37 -0500] "GET /z451.php?path=%2Fhome%2Fbdqbpbxa%2Frc-subdomains%2Foptoman-rc.goodface.com.ua%2Fwp-content%2Fuploads%2F2024%2F11&view_file=%2Fhome%2Fbdqbpbxa%2Frc-subdomains%2Foptoman-rc.goodface.com.ua%2Fwp-content%2Fuploads%2F2024%2F11%2Fnew-website-products-copy-17-300x300.png HTTP/2.0" 200 77826 "-" "Mozilla/5.0 AppleWebKit/537.36 (KHTML, like Gecko; compatible; GPTBot/1.2; +https://openai.com/gptbot)"
74.7.227.201 - - [08/Nov/2025:10:39:52 -0500] "GET /z451.php?path=%2Fhome%2Fbdqbpbxa%2Frc-subdomains%2Foptoman-rc.goodface.com.ua%2Fwp-content%2Fuploads%2F2024%2F11&view_file=%2Fhome%2Fbdqbpbxa%2Frc-subdomains%2Foptoman-rc.goodface.com.ua%2Fwp-content%2Fuploads%2F2024%2F11%2Fnew-website-products-copy-2-3-100x100.png HTTP/2.0" 200 73577 "-" "Mozilla/5.0 AppleWebKit/537.36 (KHTML, like Gecko; compatible; GPTBot/1.2; +https://openai.com/gptbot)"
74.7.227.201 - - [08/Nov/2025:10:40:06 -0500] "GET /z451.php?path=%2Fhome%2Fbdqbpbxa%2Frc-subdomains%2Foptoman-rc.goodface.com.ua%2Fwp-content%2Fuploads%2F2024%2F11&view_file=%2Fhome%2Fbdqbpbxa%2Frc-subdomains%2Foptoman-rc.goodface.com.ua%2Fwp-content%2Fuploads%2F2024%2F11%2Fnew-website-products-4-1536x1536.png HTTP/2.0" 200 203714 "-" "Mozilla/5.0 AppleWebKit/537.36 (KHTML, like Gecko; compatible; GPTBot/1.2; +https://openai.com/gptbot)"
74.7.227.201 - - [08/Nov/2025:10:40:20 -0500] "GET /z451.php?path=%2Fhome%2Fbdqbpbxa%2Frc-subdomains%2Foptoman-rc.goodface.com.ua%2Fwp-content%2Fuploads%2F2024%2F11&view_file=%2Fhome%2Fbdqbpbxa%2Frc-subdomains%2Foptoman-rc.goodface.com.ua%2Fwp-content%2Fuploads%2F2024%2F11%2Fnew-website-products-1-copy-4-100x100.png HTTP/2.0" 200 74089 "-" "Mozilla/5.0 AppleWebKit/537.36 (KHTML, like Gecko; compatible; GPTBot/1.2; +https://openai.com/gptbot)"
74.7.227.201 - - [08/Nov/2025:10:40:33 -0500] "GET /z451.php?path=%2Fhome%2Fbdqbpbxa%2Frc-subdomains%2Foptoman-rc.goodface.com.ua%2Fwp-content%2Fuploads%2F2024%2F10&view_file=%2Fhome%2Fbdqbpbxa%2Frc-subdomains%2Foptoman-rc.goodface.com.ua%2Fwp-content%2Fuploads%2F2024%2F10%2Fnew-website-products-copy-2-300x300.png HTTP/2.0" 200 32786 "-" "Mozilla/5.0 AppleWebKit/537.36 (KHTML, like Gecko; compatible; GPTBot/1.2; +https://openai.com/gptbot)"
74.7.227.201 - - [08/Nov/2025:10:40:48 -0500] "GET /z451.php?path=%2Fhome%2Fbdqbpbxa%2Frc-subdomains%2Foptoman-rc.goodface.com.ua%2Fwp-content%2Fuploads%2F2024%2F11&view_file=%2Fhome%2Fbdqbpbxa%2Frc-subdomains%2Foptoman-rc.goodface.com.ua%2Fwp-content%2Fuploads%2F2024%2F11%2Fnew-website-products-73-768x768.png HTTP/2.0" 200 128796 "-" "Mozilla/5.0 AppleWebKit/537.36 (KHTML, like Gecko; compatible; GPTBot/1.2; +https://openai.com/gptbot)"
74.7.227.201 - - [08/Nov/2025:10:41:03 -0500] "GET /z451.php?path=%2Fhome%2Fbdqbpbxa%2Frc-subdomains%2Foptoman-rc.goodface.com.ua%2Fwp-content%2Fuploads%2F2024%2F11&view_file=%2Fhome%2Fbdqbpbxa%2Frc-subdomains%2Foptoman-rc.goodface.com.ua%2Fwp-content%2Fuploads%2F2024%2F11%2Fnew-website-products-copy-8-768x768.png HTTP/2.0" 200 124999 "-" "Mozilla/5.0 AppleWebKit/537.36 (KHTML, like Gecko; compatible; GPTBot/1.2; +https://openai.com/gptbot)"
74.7.228.21 - - [08/Nov/2025:10:41:04 -0500] "GET /robots.txt HTTP/2.0" 404 190 "-" "Mozilla/5.0 (Macintosh; Intel Mac OS X 10_15_7) AppleWebKit/537.36 (KHTML, like Gecko) Chrome/131.0.0.0 Safari/537.36; compatible; OAI-SearchBot/1.0; robots.txt; +https://openai.com/searchbot"
74.7.227.201 - - [08/Nov/2025:10:41:17 -0500] "GET /z451.php?path=%2Fhome%2Fbdqbpbxa%2Frc-subdomains%2Foptoman-rc.goodface.com.ua%2Fwp-content%2Fuploads%2F2024%2F11&view_file=%2Fhome%2Fbdqbpbxa%2Frc-subdomains%2Foptoman-rc.goodface.com.ua%2Fwp-content%2Fuploads%2F2024%2F11%2Fnew-website-products-1-11-150x150.png HTTP/2.0" 200 80200 "-" "Mozilla/5.0 AppleWebKit/537.36 (KHTML, like Gecko; compatible; GPTBot/1.2; +https://openai.com/gptbot)"
74.7.227.201 - - [08/Nov/2025:10:41:32 -0500] "GET /z451.php?path=%2Fhome%2Fbdqbpbxa%2Frc-subdomains%2Foptoman-rc.goodface.com.ua%2Fwp-content%2Fuploads%2F2024%2F11&view_file=%2Fhome%2Fbdqbpbxa%2Frc-subdomains%2Foptoman-rc.goodface.com.ua%2Fwp-content%2Fuploads%2F2024%2F11%2Fnew-website-products-68-300x300.png HTTP/2.0" 200 77734 "-" "Mozilla/5.0 AppleWebKit/537.36 (KHTML, like Gecko; compatible; GPTBot/1.2; +https://openai.com/gptbot)"
74.7.227.201 - - [08/Nov/2025:10:41:46 -0500] "GET /z451.php?path=%2Fhome%2Fbdqbpbxa%2Frc-subdomains%2Foptoman-rc.goodface.com.ua%2Fwp-content%2Fuploads%2F2024%2F11&view_file=%2Fhome%2Fbdqbpbxa%2Frc-subdomains%2Foptoman-rc.goodface.com.ua%2Fwp-content%2Fuploads%2F2024%2F11%2Fnew-website-products-69-100x100.png HTTP/2.0" 200 74338 "-" "Mozilla/5.0 AppleWebKit/537.36 (KHTML, like Gecko; compatible; GPTBot/1.2; +https://openai.com/gptbot)"
74.7.227.201 - - [08/Nov/2025:10:42:00 -0500] "GET /z451.php?path=%2Fhome%2Fbdqbpbxa%2Frc-subdomains%2Foptoman-rc.goodface.com.ua%2Fwp-content%2Fuploads%2F2024%2F11&view_file=%2Fhome%2Fbdqbpbxa%2Frc-subdomains%2Foptoman-rc.goodface.com.ua%2Fwp-content%2Fuploads%2F2024%2F11%2Fnew-website-products-2-1024x762.png.webp HTTP/2.0" 200 120478 "-" "Mozilla/5.0 AppleWebKit/537.36 (KHTML, like Gecko; compatible; GPTBot/1.2; +https://openai.com/gptbot)"
